r + 4*r = 2*v - 4. Give w(r).
-11
Let x be (-15)/((-9)/3) + -3. Let b(n) = 0*n**x + n + 2*n + 3 + n + 3*n**2. Calculate b(-2).
7
Suppose -7 = -4*r + y - 16, 2*r - 3*y + 17 = 0. Let v(k) = -10*k**3 - 3*k**2 + 1. What is v(r)?
8
Let x(z) = 9*z - 10. Let h be x(5). Suppose -7*r + 7 - h = 0. Let d(o) = o**2 + o + 5. What is d(r)?
17
Suppose 5*d - 30 = -5*b, b + d = -4*d + 18. Let i be 1/2*-2*b. Let m(p) = -433 - 4*p + 2*p + 434. What is m(i)?
7
Let s(m) = 2*m - 2. Let g(o) = -3*o + 2. Let k(p) = -3*g(p) - 2*s(p). Let t(q) = -5 + 6*q - 7*q + 15*q. Let l(n) = -11*k(n) + 4*t(n). Determine l(-6).
-4
Suppose 2*f = -3*f + 5*x - 20, 0 = x. Let t(n) = n**2 + n + 3. Let z(m) = -m**2 - 4. Let w(g) = 5*t(g) + 4*z(g). Determine w(f).
-5
Let l(y) = 2*y**2 - 2*y - 1. Let z be l(3). Suppose z*b + 5 = 10*b. Let w = 4 + b. Let n(h) = -10*h. Give n(w).
10
Let a be (0 + 0 + 3)*1. Let m = 4 - -2. Let o(z) = -m*z**2 + 3*z + z - 4 + 5*z**2 + z. Determine o(a).
2
Let y(t) = t**2 - 7*t - 8. Let i = -139 - -145. Calculate y(i).
-14
Let y(u) = -u**3 + 5*u**2 + 6*u + 2. Let r(q) = 4*q**2 - 4*q**2 + q**2 + 0*q + 10*q + 15. Let l be r(-9). Determine y(l).
2
Let w(u) be the first derivative of u**4/4 - 8*u**3/3 + u**2 - 7*u + 47. Determine w(8).
9
Let q(o) = -2*o**3 - o**2 - 4. Let a be q(0). Let r(m) = 2*m + 6. What is r(a)?
-2
Let g(j) be the first derivative of -3*j**3 - j**2 - j + 388. What is g(2)?
-41
Let b(x) = x + 1. Let j(f) = -5*f - 6. Let g(h) = 9*b(h) + 2*j(h). What is g(-11)?
8
Let c(x) = -3*x - 9. Let a(i) = -i - 8 + 8*i - 9*i. Let w(o) = -4*a(o) + 3*c(o). Let t be (-5)/(1 - 2/1). Determine w(t).
0
Suppose 5*u + r = 26, -4 = -3*u + 2*r + 9. Let b = -3 + u. Let k(n) = 0 + 4 - 2*n - 1. Give k(b).
-1
Let u(w) = -2*w**2 - 27*w + 37. Let z be u(-15). Let f(c) = -c**3 - 9*c**2 - 5*c + 14. Give f(z).
-10
Let k be ((-9)/(-15))/(2/30). Suppose 5*y - 34 = -k. Let p be 32/10 - 1/y. Let i(q) = -q**2 + 4*q - 1. Give i(p).
2
Let u(r) = -36 + 15 + 5 + 7*r + 7 - 6*r. Suppose -4*a + h + 15 = 2*h, -5*a - 4*h + 5 = 0. Give u(a).
-4
Let r be (2/5)/(8/40). Let w(h) = 1 + h**2 - 6 - 1 + r - 5*h. Determine w(5).
-4
Let v(r) = -r**3 + 4*r**2 - r - 4. Let j be v(2). Let m(p) = -3*p**3 + 3*p - 3. What is m(j)?
-21
Let s(w) = 4 + 5*w + 5*w + 9*w - 20*w. Give s(0).
4
Let r(z) = -z**2 + 9*z + 5. Let s(l) = l**2 + 6*l - 17. Let q be s(3). Give r(q).
-5
Let b be (-64 + 1 + 1)/(-2). Suppose -x + 40 = 3*d, x + 75 - b = 3*d. Let o(y) = -4 + d*y - 8*y - 2*y - 5*y. Determine o(-4).
0
Let a(i) = -i**2 - i - 8. Suppose 2*f - 124 = -29*f. Determine a(f).
-28
Let l be ((-2)/2)/((-4)/12). Let h(b) = 11*b - 2*b**2 + l*b**2 + 7256 - 7251. What is h(-10)?
-5
Let u = 240 - 245. Let o(k) = 2*k + 5. Give o(u).
-5
Let x(o) = -74*o + 150*o + 2 - 91*o - 4. What is x(-3)?
43
Let k be 10/(-6)*(-204)/(-85). Let z(o) be the third derivative of -1/2*o**3 - 1/8*o**4 + o**2 + 0 + 0*o - 1/60*o**5. Determine z(k).
-7
Suppose 7*x - 30 = 2*x. Let v(l) = 3*l**3 + 3 + l**3 + x*l**2 - 3*l**3 - l - l**2. Let y = 3 - 8. Determine v(y).
8
Let r(n) = n**2 - 6*n - 10. Let z = -4 - -12. Determine r(z).
6
Suppose 278*z = 260*z + 72. Let d(f) = -2*f + 3*f + 0*f + f. What is d(z)?
8
Let i be -6*((-46)/(-4) - 11). Let u(x) = 3*x + 2. Let q(k) = k**2 + k + 1. Let b(s) = q(s) + u(s). Determine b(i).
0
Let a(c) be the third derivative of c**6/30 + c**5/60 - c**4/24 - c**3/6 - 4*c**2 + 4. Let g(p) = -p**3 + 6*p**2 - 6*p + 4. Let t be g(5). Calculate a(t).
-3
Let v(p) = -333*p - 24 + 26 + 332*p. Give v(-4).
6
Let d(t) = -2*t + 5. Let g(o) = 8*o - 20. Let c(y) = -9*d(y) - 2*g(y). Let b(n) = -4*n + 112. Let f be b(29). What is c(f)?
-13
Let y(v) = 3*v**2 - 2*v - 3 + 8 - 3*v**3 - v**3 + 5*v**3. Let t = -2 - -2. Suppose -18 = -3*g + 5*b - 5, 5*b + 25 = t. What is y(g)?
-3
Let w(k) = -2*k**3 - k**2 + 3*k. Suppose 0 = -332*o + 335*o + 9. Give w(o).
36
Let p(x) = 14 + 5 + 11*x + 12 - 106 + 34. Give p(4).
3
Suppose 41 = 5*l - u - 3*u, -4*l = -5*u - 31. Let c(o) = 3*o - 12. Give c(l).
15
Suppose -2*q = 2*q. Let p(t) = 4*t + 1. Let s(y) = y**3 + y**2 - 16*y - 9. Let b(u) = 4*p(u) + s(u). Give b(q).
-5
Let m = 165 + -158. Let w(x) = 2*x**2 + 3*x - 5. Let v(l) = 3*l**2 + 2*l - 6. Let c(i) = 3*v(i) - 4*w(i). Determine c(m).
9
Suppose 19 = 2*n + w, 5*n - 5*w + 18 = 4*n. Let u(p) = 7 - n + 8*p. Suppose -z = 3*s - 7*s - 7, 4*s = 5*z - 3. What is u(z)?
-8
Suppose 3*v - 3 = 2*v. Suppose v*u - 2 = 1. Let i(o) = 7*o**3 - 10*o**2 + 4*o - 3. Let y(g) = g**3 - 2*g**2 + g - 1. Let k(j) = i(j) - 4*y(j). Give k(u).
2
Let z(s) = 6239 + 3*s - 6244 + 2*s**2 - 3*s**2 + 2*s**2. Let t(a) = -a**2 + a - 4. Let h be t(0). Give z(h).
-1
Let g = 26 - 16. Suppose -14*d = -g*d. Let n(z) = d*z**3 + z - z**3 + 3 + 0*z**2 + z**2. Determine n(0).
3
Suppose -80 = 41*r - 43*r. Let w be 10/55 - 0 - r/(-22). Let i(a) be the third derivative of a**4/6 - a**3/2 + 2*a**2. Calculate i(w).
5
Suppose -11 = -4*j - 3*i, -4*j + 5*i + 22 = -13. Suppose -7*d + 2 + j = 0. Let n(b) = 6*b**2 - 1. Determine n(d).
5
Let s = 6 + -9. Let g(u) be the third derivative of -u**5/40 - u**4/6 - 5*u**3/6 + u**2. Let w(m) be the first derivative of g(m). What is w(s)?
5
Suppose -2*v + j = -4*v - 6, -3*v - 8 = 2*j. Let r be v*(5/(-4) + 1). Let d(t) = -t**2 - 1. What is d(r)?
-2
Let l(s) = -12*s**2 - 26*s - 10. Let t(y) = 5*y**2 + 13*y + 5. Let j(u) = -2*l(u) - 5*t(u). Calculate j(-12).
7
Let x(p) = -2*p**2 + 31*p - 55. Let u be x(13). Let b(w) = 3*w - 25. Give b(u).
5
Suppose d - 202 + 209 = 0. Let l(z) = -z**2 - 5*z + 5. Calculate l(d).
-9
Let l = -378 - -370. Let v(s) = -3*s - 15. What is v(l)?
9
Let q(j) = j**3 + 7*j**2 + 6*j. Let o(d) = d**3 + 11*d**2 + 17*d - 2. Let s be o(-9). Let f = s + -13. Calculate q(f).
0
Let h(y) be the second derivative of y**5/20 + y**4/12 + y**3/6 - 2*y**2 - 11*y + 7. Let v be 32/(-10) + 2/10. Calculate h(v).
-25
Suppose -4*t + m - 3*m + 258 = 0, 5*t + 5*m - 325 = 0. Let v(c) = -2*c + 63 + 3*c - t. Determine v(-4).
-5
Suppose 29 = 4*j + 5. Let y(i) = -i. Let c(p) = -3*p**2 + 2*p + 2. Let g be c(1). Let l(n) = 7*n + 4. Let f(a) = g*l(a) + j*y(a). Determine f(4).
8
Suppose 31*l + 10 = 36*l. Let c(d) = -d - 3. Let u(y) = 5*y + 13. Let h(k) = l*u(k) + 9*c(k). What is h(2)?
1
Suppose 2*o = -o - 2*k + 6, 3*o + 4*k = 0. Let u = -67 + 70. Let f(h) = h + 1. Let x(l) = l**2 - 6*l - 1. Let p(n) = u*f(n) + x(n). Calculate p(o).
6
Suppose 0 = -2*a - 5*n - 4, a - 3*n - 7 = -n. Let i(t) = t - 9. Calculate i(a).
-6
Let j(n) = 2 - 4*n**3 - 1 + 3*n**3 + 4*n**2 + 600*n - 607*n. What is j(5)?
-59
Let j(s) = 2*s - 10. Let k(p) = -p**2 + 10*p - 1. Let y be k(9). Let q be j(y). Let m(g) = -5*g + 5 - 5 + g**2. What is m(q)?
6
Let o(c) = c**3 - 6*c**2 - 5*c - 10. Let g be o(7). Suppose 0 = g*s - 5 - 43. Let n(f) = -s*f + 3 + 28*f - 15*f. Determine n(-5).
-2
Let q = 110 - 106. Let m(d) be the first derivative of d**2 - 5*d + 13. Give m(q).
3
Let s(c) = c**3 + 1 + 3*c**2 + 133*c - 7 - 135*c. Calculate s(-4).
-14
Suppose k - 15 = a, -3*a - 18 = -12. Let t(u) = -u - 8. Give t(k).
-21
Let p(v) = -v**3 + 6*v**2 + 6*v + 1. Let z = 22 - -9. Suppose 33*h = z*h + 14. What is p(h)?
-6
Let a(j) = -154*j + 309*j - 144*j. What is a(2)?
22
Let q be (-9)/((1 + 0)/1). Let o(d) be the first derivative of d**4/4 + 3*d**3 + d**2/2 + 13*d - 16. What is o(q)?
4
Let n(g) = g. Let q = 41 + -45. Let h(a) = -a + 1. Let p(z) = q*n(z) - 3*h(z). What is p(-4)?
1
Let l(c) = c - 1. Let m = -17 + 35. Let i be 2/(-9) + 4/m. Give l(i).
-1
Let g(j) = -7 - 5 - 2*j + 12. Suppose 3*s + 9 = 4*c, -4*s - 9 - 7 = -4*c. Give g(s).
14
Let s(r) = -r + 4. Let t(z) = -2*z - 5. Let l(x) = 2*x**2 + 24*x + 34. Let y be l(-10). Let j be t(y). Determine s(j).
-3
Suppose -4*k + z + 1 = 0, 4*k - 5*z + 0 - 21 = 0. Let c(b) = 97*b. Let l(a) = -86*a. Let v(g) = -c(g) - l(g). Determine v(k).
11
Let d(v) be the first derivative of v**4/4 + 4*v**3/3 + v**2 - 2*v + 1. Let r(w) = -w**2 + 10*w + 9. Let x be r(11). Calculate d(x).
2
Let i(f) = -f - 1. Let k(b) = -10*b - 2. Let a(x) = -5*i(x) - k(x). Let m(r) = 8*r + 4. Let p(l) = 3*a(l) - 5*m(l). Determine p(-2).
-9
Let v = 0 - 6. Let k = v - -10. Let s(r) = r**2 - 3*r + 2. Let o be s(k). Let m(g) = g**2 - 8*g. Calculate m(o).
-12
Let a(c) = 81609 + c + 0*c - 81601. What is a(0)?
8
Let c(x) = 2*x + x - 2*x - 12 +